f = g + 102. What are the prime factors of f?
2, 23
Suppose -5*v - 2*m = -973, -4*m + 49 + 142 = v. Suppose -3*i = 5*o - 5*i - v, o - 21 = 4*i. List the prime factors of o.
41
Suppose -153 = u - 205. List the prime factors of u.
2, 13
Suppose 3*m + 3*t - 757 = t, -t + 1271 = 5*m. Suppose -m = -2*v - v. Let x = v - 47. What are the prime factors of x?
2, 19
Let q be 1 + 1 + (4 - 1 - 4). What are the prime factors of 2*(-4 - -110 - -3)*q?
2, 109
Let i(r) be the first derivative of r**2 - 5*r - 3. Let h be i(5). Suppose -32 = -3*n + h*s, -40 = -5*n + 4*s + s. What are the prime factors of n?
2
Suppose 26*v - 5060 = 74448. What are the prime factors of v?
2, 11, 139
Suppose -8702 = -4*z - 582. What are the prime factors of z?
2, 5, 7, 29
What are the prime factors of (-43)/((5 - 6) + 0)?
43
Suppose 0 = 33*w - 8990 - 38068. What are the prime factors of w?
2, 23, 31
Let i(b) = 136*b - 20. What are the prime factors of i(5)?
2, 3, 5, 11
Let m = -9 - 11. List the prime factors of 0 + (0 - m) - 1.
19
Let f = -11 + 34. Let b be 1/3 + (-2940)/(-63). Let d = b - f. List the prime factors of d.
2, 3
Let v be (-2)/3*(-9)/2. Suppose 0 = m + b + 1, -m + 5*b = 4*m + 25. List the prime factors of (-68)/1*m/v.
2, 17
Let l = 69 + 56. Suppose -118 = -9*y + l. What are the prime factors of y?
3
Suppose 0 = -2*c + 2*b - 26, 5*c + 2*b - b = -35. What are the prime factors of 25/4 - c/(-32)?
2, 3
Let v(c) = -c**2 - c - 3*c + 113 + 3*c - c. List the prime factors of v(0).
113
Suppose 5*f - f = 20. Suppose -f*m + 9 = 4*g, -m = -0*m - 4*g - 21. What are the prime factors of m?
5
Let s = 363 - 253. Let f = 181 - s. List the prime factors of f.
71
Let l(d) = 4*d**2 - 21*d + 12. Let w = -61 - -68. List the prime factors of l(w).
61
Let k = 643 + -338. What are the prime factors of k?
5, 61
Let g = -81 - -28. Let z = -21 - g. What are the prime factors of z?
2
Let z = -38 - -42. Suppose -7*q = -z*q - 138. What are the prime factors of q?
2, 23
Let n(c) = c**3 - 7*c**2 + 7*c - 4. Let q be n(6). Let m = 2 - -1. Suppose -3*h = 5*r + m, -4*h + q*r + 4 = 6*r. List the prime factors of h.
2
Suppose 11*k + 3*k = -14168. What are the prime factors of k/(-6) + (-10)/15?
2, 3, 7
Let v be (6/4)/(6/(-16)). Let w(x) = x**3 + 6*x**2 + 3*x + 9. List the prime factors of w(v).
29
Let c = -354 - -445. List the prime factors of c.
7, 13
Suppose 4*h + 8 = 3*c + c, 3*c + h = -2. Let a(z) = -z**3 - 10*z**2 - 11*z - 6. Let g be a(-9). Suppose 9*i - g*i + 12 = c. What are the prime factors of i?
2
Suppose -4*s + 9 = -s + 3*h, 4*s + 3*h = 12. Suppose -3*a = -s*p + 8*p - 176, -4*a + 263 = p. What are the prime factors of a?
67
Suppose -7*i + 2088 = -2*i + 3*a, -4*i + 2*a + 1688 = 0. What are the prime factors of i?
2, 3, 5, 7
Suppose -1 = -3*k - 2*h, 0*h = -h - 1. Let z(l) = 35*l - 2. List the prime factors of z(k).
3, 11
Let r be -2*4/(16/6). Let c be (6/(-6))/(r/(-15)). Let d = 48 - c. List the prime factors of d.
53
Suppose 19 = 3*y - 2. Suppose -y*d + 828 = -1517. List the prime factors of d.
5, 67
Suppose 0 = w - 5*u - 51, 5*u - 204 = -6*w + 2*w. Suppose 5*n = -f + w, 16 + 11 = n - 4*f. Let r = n + -8. What are the prime factors of r?
3
Let o(f) = -63*f. Let u be o(-2). Suppose 0 = 4*w + 2*a - 414, 0 = -w - a + 5*a + u. List the prime factors of w.
2, 53
Let g(b) = -191*b + 1. Let f be g(-1). Suppose -3*d - s - 2*s = -f, -4*d - 5*s + 261 = 0. What are the prime factors of d?
59
Suppose -2*g + 171 = 7. Suppose 4*r + q = g, -3*r + 4*r - 27 = 3*q. List the prime factors of (-39)/(-2)*56/r.
2, 13
List the prime factors of (-4)/(-18) + ((-22084040)/(-180))/22.
3, 11, 13
Suppose 3*d = -5*g + 62, 2*d - 26 = d - 3*g. Let l = 9 - d. Let b = 10 - l. List the prime factors of b.
3, 5
Let h be (-26)/(-91) + 152/7. Suppose 133 = 5*a - h. What are the prime factors of a?
31
What are the prime factors of 1*(5 + -5 - -831) - -6?
3, 31
Suppose -b - 5322 = -2*b. List the prime factors of b.
2, 3, 887
Let d(k) = 5*k**2 - 3*k + 14. Let m be 5/2*(-18)/(-9). What are the prime factors of d(m)?
2, 31
What are the prime factors of (-15 + 12935/39)*36/10?
2, 3, 5, 19
Let s = 2132 + -1272. Suppose 7*h = 3*h + s. List the prime factors of h.
5, 43
Let l be (69/6 - 3)*2. Let y = -5 - l. Let q = 2 - y. What are the prime factors of q?
2, 3
Suppose 14 = -3*y + 4*r, -4*y - y + 35 = 5*r. Let u(x) = 18*x**2 + x - 1. Let s be u(1). Suppose s = y*w - 12. List the prime factors of w.
3, 5
Let u(o) be the first derivative of o**4/4 - 4*o**3 + 5*o**2 + 13*o + 3. Let c be u(11). List the prime factors of 7 - (-3 + c) - -2.
2, 5
Let m(b) = -b**3 + 5*b + 5. Let c be m(-2). Suppose -c*x - 2*x = -120. List the prime factors of x.
2, 3
Let b(f) be the second derivative of f**4/12 + f**3/2 + 7*f**2/2 + 2*f. Let g be (10/15)/((-6)/135*-3). What are the prime factors of b(g)?
47
Let o(g) = -g**3 - 4*g**2 + 5*g + 2. Let x be o(-5). Suppose -x*f = 5*h - 253, 0*h + 407 = 3*f + 2*h. What are the prime factors of f?
139
Suppose -158631 = -95*j + 64049. List the prime factors of j.
2, 293
Suppose -12*l = -8*l + 764. Let f = -134 - l. What are the prime factors of f?
3, 19
Let g(w) = w**2 - 17*w + 6. Let f be g(16). Let o = 2 - f. What are the prime factors of o?
2, 3
Let s(x) = x**3 + 27*x**2 + 70*x + 22. List the prime factors of s(-23).
2, 3, 11
Let n(u) be the third derivative of -47*u**4/24 - 35*u**3/6 + 20*u**2 + u. What are the prime factors of n(-4)?
3, 17
Let g(z) = 8 + z**2 + 3*z + 3*z**2 - 7. List the prime factors of g(-2).
11
Suppose -2*f + 16484 = 4*p, 16484 = 14*p - 10*p - 5*f. List the prime factors of p.
13, 317
Let s(q) = 5*q**3 + 2*q**2 + 1. Let d(t) = 25*t**3 + 10*t**2 + t + 5. Let j(m) = 2*d(m) - 11*s(m). What are the prime factors of j(-3)?
2, 5, 11
Suppose -803*j + 811*j - 18000 = 0. List the prime factors of j.
2, 3, 5
Suppose -5*m + 1507 = -2*j - 1589, 5*m = -5*j + 3075. List the prime factors of m.
2, 3, 103
Let l be (8/(-10))/(14/(-35)). Let f(h) = h**2 + 3*h**3 + 2 - 5*h**l - h**3 + 2*h. List the prime factors of f(3).
2, 13
Suppose 12644 = 5*p + 2*j, -2*p - 3*j = -3477 - 1574. List the prime factors of p.
2, 5, 11, 23
Let g(i) = 4 + 4 - 18 - 158*i + 8. Let x be g(-1). Suppose 3*h + 208 = 5*l, -4*l + x = -3*h - 2*h. What are the prime factors of l?
2, 11
Suppose -62*t - 8065 = -67*t. What are the prime factors of t?
1613
Let c(p) = p**3 - 15*p**2 + 16*p - 13. Let x be c(14). Let l(y) = -2*y**2 + 40*y - 8. List the prime factors of l(x).
2, 71
What are the prime factors of (1210/(-48) - 5/40)*-45?
2, 3, 5, 19
Let h be (1*-1)/((-2)/6). Let c(l) = -l**2 - 2*l - 3. Let b be c(h). Let o = b + 35. What are the prime factors of o?
17
Suppose 8 = 2*m + 210. Let v = m - -286. List the prime factors of v.
5, 37
Let s(p) = 1 + 6*p - 2 - 3*p - 3. List the prime factors of s(14).
2, 19
Let d(g) = g**3 + 7*g**2 - g. Let w be d(-7). Let z be 52/w + (-3)/7. Suppose z*u - 6 - 8 = 0. List the prime factors of u.
2
List the prime factors of ((-15)/9 - -3)/(20/9195).
613
Let h(k) = 2*k**2 + 2*k - 4. Let f be h(3). Let o = 212 - f. List the prime factors of o.
2, 3
Let y(q) = q**2 + 7*q. Let n be y(-6). Let w = n + 8. Suppose t + 16 = w*t. List the prime factors of t.
2
Let u(h) be the second derivative of 4*h**3 - 12*h**2 + h + 6. What are the prime factors of u(3)?
2, 3
Let z be 20 - 0*(-3)/(-12). Suppose -5*n - 33 - 17 = 0. Let k = z + n. List the prime factors of k.
2, 5
Suppose 3*a - 14605 = -5*r, -5*r - 52*a + 14580 = -54*a. List the prime factors of r.
2, 1459
Let r = -17 - -27. Let h = 13 - r. Suppose 4*w + h*i - 173 = -2*i, -5*i - 62 = -w. What are the prime factors of w?
47
Suppose 8 = 5*n - 2. Suppose -8*g + 4 = -36. Suppose -3*r + 8 = g*c, -3*r + 2*c + n*c = -53. List the prime factors of r.
11
Let d be 7 - -1*(-1 + 2). Suppose -2*h + d = -6*h. What are the prime factors of 33 - (2 + h + -3)?
2, 3
Let f(u) = u**3 - 5*u**2 + 2*u + 11. Let b be f(4). Suppose -b*v + 531 = 5*h - 126, 0 = -4*h - 4*v + 524. What are the prime factors of h?
2, 3, 11
Let b be (-9)/(-6 + 3 - -2). Let m be b*(-9)/((-54)/28). Let v = m + -35. What are the prime factors of v?
7
Suppose 0 = -4*m, a - m + 2*m = 0. Let b = 94 - 92. Suppose -b*q + a*q = -10. List the prime factors of q.
5
Let v be (10/(-4))/((-1)/(-4)). Let z = v - -23. List the prime fac